 5, what is -22 - 1?
-23
In base 9, what is -1 + -130?
-131
In base 2, what is 1110100 - -100?
1111000
In base 2, what is 101110 - 1?
101101
In base 3, what is -1102201 - -11?
-1102120
In base 9, what is 63 - 1?
62
In base 3, what is -12202112 + 0?
-12202112
In base 16, what is -5 - 101?
-106
In base 16, what is 0 + -202?
-202
In base 12, what is 0 - -1042?
1042
In base 13, what is -5 - 135?
-13a
In base 7, what is 0 - -2255?
2255
In base 9, what is 2 - 10?
-7
In base 5, what is -13 + 1200?
1132
In base 8, what is -51 - -5?
-44
In base 16, what is -962 - -4?
-95e
In base 8, what is 25 - -127?
154
In base 12, what is -3 - 88?
-8b
In base 5, what is -1214 - -4?
-1210
In base 15, what is d + e4?
102
In base 11, what is -37a13 + 2?
-37a11
In base 8, what is -3 - 641?
-644
In base 4, what is 2201 - -3110?
11311
In base 9, what is -66 + 12?
-54
In base 2, what is 11001 + -10?
10111
In base 16, what is 0 - 23?
-23
In base 5, what is 1240 - -233?
2023
In base 3, what is -12 + 1010120?
1010101
In base 3, what is 11220 + 12120?
101110
In base 8, what is 0 + 635?
635
In base 16, what is -7 - 71?
-78
In base 12, what is 0 - 47?
-47
In base 6, what is 14 + 4334?
4352
In base 16, what is 7 - 3a0?
-399
In base 2, what is -100 + -100011?
-100111
In base 16, what is e46 + -4?
e42
In base 8, what is 31 + -2?
27
In base 13, what is -2 - -394c?
394a
In base 9, what is 121 + -20?
101
In base 9, what is 4 - -516?
521
In base 3, what is 21 + 111?
202
In base 13, what is -10 - -1c?
c
In base 8, what is 0 - 2133?
-2133
In base 16, what is 7d9 - -1?
7da
In base 9, what is 5346 - 2?
5344
In base 4, what is -21311 + 10?
-21301
In base 10, what is -4 - 258?
-262
In base 3, what is 1021211 + 10?
1021221
In base 13, what is -2 - -228b?
2289
In base 15, what is 165 - -4?
169
In base 4, what is -13101 + 11?
-13030
In base 10, what is -104 - 5?
-109
In base 2, what is 10 + -1011011110111?
-1011011110101
In base 10, what is -3 - 14?
-17
In base 9, what is -145 - 162?
-317
In base 9, what is -1 + 123?
122
In base 4, what is -31 + 230?
133
In base 7, what is -104 + 5?
-66
In base 11, what is 2512 + 2?
2514
In base 7, what is 121 - 5?
113
In base 5, what is 1313 + 4?
1322
In base 2, what is 101 + -1011?
-110
In base 11, what is -239 - -2?
-237
In base 4, what is -10301132 - 2?
-10301200
In base 6, what is -1 - -122?
121
In base 5, what is 13 - 424?
-411
In base 3, what is 22 + 200?
222
In base 13, what is 2 + -1?
1
In base 15, what is -1c6c + 2?
-1c6a
In base 15, what is -35 - -c?
-28
In base 5, what is 1 + 41321?
41322
In base 7, what is -34 + 105?
41
In base 13, what is -7 + 93?
89
In base 12, what is -a + -7b?
-89
In base 10, what is -408 - -8?
-400
In base 10, what is 0 - -1561?
1561
In base 13, what is -587 - 4?
-58b
In base 14, what is -1bd + -4?
-1c3
In base 3, what is -12 + 10002?
2220
In base 8, what is -1 + 1042?
1041
In base 4, what is -22230 + 0?
-22230
In base 15, what is 1 - -667?
668
In base 10, what is -4 - 4529?
-4533
In base 14, what is -2 + 13?
11
In base 10, what is 15 - -13?
28
In base 14, what is 5 - 31?
-2a
In base 16, what is 14 - 13?
1
In base 15, what is 3 + -202?
-1ee
In base 10, what is 4 + -55?
-51
In base 11, what is -342 - -4?
-339
In base 3, what is -222 - 120?
-1112
In base 4, what is 20332 - -10?
21002
In base 7, what is -120 + 56?
-31
In base 16, what is 20 - 5?
1b
In base 11, what is -8 - -2?
-6
In base 5, what is -1 - 1011?
-1012
In base 15, what is -1c2 - 1?
-1c3
In base 2, what is -10 - 110000?
-110010
In base 16, what is 1209 - -1?
120a
In base 12, what is -3 + -4a?
-51
In base 14, what is 112 - -9?
11b
In base 5, what is 0 - -121?
121
In base 7, what is -12 + -16?
-31
In base 12, what is -49 + 1a?
-2b
In base 11, what is -7 - -a?
3
In base 2, what is 10 - 11010111?
-11010101
In base 3, what is 12 - -110101?
110120
In base 15, what is -39 + -1?
-3a
In base 14, what is 1a1 - 2?
19d
In base 9, what is 3 - -3?
6
In base 3, what is 10 - -221102?
221112
In base 10, what is 314 - -8?
322
In base 2, what is 1010011 + -101?
1001110
In base 14, what is -1 - 56d?
-570
In base 13, what is -259 + 5?
-254
In base 10, what is 5 - 61?
-56
In base 4, what is 2213 + 2113?
10332
In base 8, what is 406 - -13?
421
In base 16, what is 3c - -af?
eb
In base 13, what is -237 + -b?
-245
In base 14, what is -4 + 44a?
446
In base 3, what is -10211 - -2?
-10202
In base 15, what is -4 - 5ac?
-5b1
In base 12, what is 4 + -67?
-63
In base 16, what is -11 - 88?
-99
In base 3, what is -10 - 102?
-112
In base 14, what is 0 + 129?
129
In base 6, what is -3 + -5442?
-5445
In base 15, what is -b5 + 5?
-b0
In base 7, what is 2 - 4232?
-4230
In base 5, what is -110 + 4?
-101
In base 10, what is -1 - -1?
0
In base 10, what is -5 - 415?
-420
In base 16, what is -2eb5 - 1?
-2eb6
In base 8, what is -4 - 7247?
-7253
In base 7, what is 32 + -201?
-136
In base 12, what is 0 + 15a?
15a
In base 5, what is -1 + -1243?
-1244
In base 15, what is 5 + 56?
5b
In base 6, what is -1150 + 11?
-1135
In base 9, what is 180 - 5?
174
In base 2, what is 10100011110001 + -1?
10100011110000
In base 12, what is -3 - -391?
38a
In base 3, what is -101212 + 10?
-101202
In base 5, what is -4 - 203140?
-203144
In base 6, what is -4 + 15?
11
In base 5, what is -120 - -12?
-103
In base 4, what is 223 + 12?
301
In base 5, what is 1 - -1243?
1244
In base 15, what is a + -2d?
-23
In base 2, what is -1 - 11010001?
-11010010
In base 2, what is -110 + 1000?
10
In base 6, what is 4102 - -3?
4105
In base 13, what is -3 - 4a8?
-4ab
In base 6, what is -12242 - -5?
-12233
In base 10, what is 5 - -4557?
4562
In base 9, what is 0 - 34?
-34
In base 5, what is -12 + 43?
31
In base 3, what is 11 + -1202?
-1121
In base 16, what is 5 + -5c?
-57
In base 7, what is 2 + 35?
40
In base 10, what is 81 - -194?
275
In base 4, what is -2 - -332?
330
In base 8, what is 41 + -7?
32
In base 6, what is 20501 + 4?
20505
In base 4, what is -10033 - 0?
-10033
In base 3, what is 101102 - -2?
101111
In base 3, what is -2 - 10220220?
-10220222
In base 9, what is -4 - 1458?
-1463
In base 2, what is 11101 + -1111000?
-1011011
In base 8, what is -1 - -5723?
5722
In base 6, what is 34 + -25?
5
In base 16, what is 3 + 14?
17
In base 16, what is -2 + -25d?
-25f
In base 11, what is -1003 - -9?
-aa5
In base 3, what is -1121001 - 102?
-1121110
In base 2, what is 11100011 + -10?
11100001
In base 14, what is 14 - 2ab?
-297
In base 11, what is -7a + 1?
-79
In base 8, what is -2 - 32?
-34
In base 11, what is -124 + 19?
-106
In base 3, what is 11112 + 0?
11112
In base 11, what is 5 - -2?
7
In base 7, what is 1 - 2066?
-2065
In base 14, what is 0 + 19?
19
In base 4, what is 11 - 312?
-301
In base 3, what is 121102 + 1?
121110
In base 2, what is 100 - 1011001111?
-1011001011
In base 3, what is -102 + -12222?
-20101
In base 6, what is 5 + -231?
-222
In base 13, what is -3 - -191?
18b
In base 12, what is -956 + -4?
-95a
In base 7, what is 25312 - 1?
25311
In base 3, what is 1111 + 20?
1201
In base 16, what is -18 - 1e?
-36
In base 10, what is -6330 + -5?
-6335
In base 3, what is -11 - 11020?
-11101
In base 2, what is -111 - -1001110?
1000111
In base 14, what is -4d + -2?
-51
In base 3, what is -1110010 + 12?
-1102221
In base 3, what is 1101011201 + 2?
1101011210
In base 12, what is 5 - -30?
35
In base 7, what is 206 - 1?
205
In base 14, what is 2 + -119d?
-119b
In base 14, what is 3 - 1d5?
-1d2
In base 10, what is -220 - 5?
-225
In base 8, what is -50061 - -2?
-50057
In base 12, what is -13 - 37b?
-392
In base 2, what is 10110011 + 111?
10111010
In base 3, what is 12 - 12021?
-12002
In base 6, what is -1330 - 1?
-1331
In base 11, what is 1 + 85?
86
In base 2, what is -101 + 1010010101?
1010010000
In base 15, what is -c0 - b?
-cb
In base 3, what is -11 + 120?
102
In base 6, what is 12303 - 2?
12301
In base 3, what is -1222122 - 200?
-2000022
In base 2, what is -11110111 - -1000?
-11101111
In base 4, what is 1 + -1201?
-1200
In base 12, what is -5 + 535?
530
In base 2, what is 111011 - 1011?
110000
In base 16, what is 1d30 - 0?
1d30
In base 9, what is -52 + 282?
230
In base 11, what is -1658 + -2?
-165a
In base 9, what is -20 - 17?
-37
In base 12, what is 5 - -13?
18
In base 2, what is 1001 - 10010000?
-10000111
In base 3, what is 10 + -21110?
-21100
In base 6, 